2)?
5
Let y = 7 + -6. Let o be -1 - (-3 + y) - 35. Let z = -21 - o. What is the tens digit of z?
1
Let z be (1 - (1 - 0))*-1. Suppose -3*m + 17 = -u - z*u, -2*u = -2*m + 14. Suppose 3*q - 1 = m. What is the units digit of q?
2
Let s(d) = 8*d**2 + 2*d - 1. What is the units digit of s(-3)?
5
Suppose -2*n - 3*w + 299 = -0*w, 5*w = -2*n + 301. What is the tens digit of n?
4
Suppose 4*r = 95 + 69. What is the units digit of r?
1
Suppose -5*f - 11 - 9 = 0, d = -2*f + 72. What is the units digit of d?
0
Let p = -117 + 175. What is the tens digit of p?
5
Let p = -19 - -35. Let w = p + -10. Suppose w*u - 24 = 2*u. What is the units digit of u?
6
Suppose 3*p = -0*p - 30. Let s be 5/(p/4) + 5. Suppose s*m - 20 = -m. What is the units digit of m?
5
Let i(s) = s**3 + s**2 - s + 42. Let p be i(0). Suppose 3*g + 3*l = p, 14 = g + 3*l - 4*l. What is the tens digit of g?
1
Let j(b) = -b**3 - 5*b**2 - 7*b - 4. Let d(i) = 4*i. Let q(u) = u**3 + 3*u**2 + 4*u + 3. Let f be q(-2). Let r be d(f). What is the units digit of j(r)?
8
Let y be (-1)/(3 - 12/3). What is the units digit of 1/y*(-3)/(-1)?
3
Let i(y) = -4*y - 8. Let u be i(-6). Suppose -4*d + 2*d - u = 0. Let o = d + 14. What is the units digit of o?
6
Suppose -2*l = 3*l - 45. Let i = l + -15. What is the units digit of (32/i + 3)*-3?
7
Let g = 17 + -9. What is the units digit of g?
8
Suppose 2*f - 155 = -3*f. What is the tens digit of f?
3
Suppose -379 + 2334 = 5*m. What is the tens digit of m?
9
Let w(d) = -12*d**3 + 2*d**2 + d - 1. What is the tens digit of w(-3)?
3
Let p = 5 - 3. Let j(r) be the first derivative of r**3/3 + r**2/2 + r - 9. What is the units digit of j(p)?
7
Suppose 0*u + 60 = 3*u. Let m = u + -4. What is the tens digit of m?
1
Let m = -9 + 11. What is the units digit of (1*(-26)/(-1))/m?
3
Let f(r) = -11*r + 39. What is the units digit of f(-5)?
4
Let s = -19 - -27. Let g be ((-12)/s)/(2/(-4)). Suppose -g*c + 5 = -1. What is the units digit of c?
2
Suppose 4*n + 32 = 5*i, -2*n + 17 = 2*i - 3. What is the units digit of i?
8
Let h = -10 + 30. Suppose h = 4*g - 4*k, 4*k + k + 15 = 0. Suppose 5*t + 0*t = d + 1, d + g*t = 20. What is the units digit of d?
4
Let f(j) = -j**3 - 3*j**2 + 3*j + 4. Let t be f(-4). What is the units digit of (t/(-4))/(1/(-3))?
6
Let o(g) = -10*g - 8. What is the units digit of o(-6)?
2
Let g(j) = j**3 + 5*j**2 + 2*j - 2. Let h be g(-4). Suppose -3*p - 4 = c - 6*c, -2*p - c = -h. Suppose 13 + 1 = p*n. What is the units digit of n?
7
Suppose -18*z + 19*z = 61. What is the tens digit of z?
6
Suppose -w = -1 + 7. What is the units digit of (-19)/w - (-1)/(-6)?
3
Let g be 0/(1 - 0)*-1. Suppose 4*o = 2*v + 1 - 13, 2*v + 4 = 0. What is the units digit of 8 + (o - (-2 + g))?
6
Let l(r) = 336*r. Let x(w) = -21*w. Let h(u) = -4*l(u) - 63*x(u). What is the tens digit of h(-1)?
2
Suppose 0 = p - 95 - 155. What is the units digit of p?
0
Let m = 8 + -7. What is the units digit of m?
1
Let f = -7 + 3. Let z(i) = i - 1. Let d(c) = -c**2 - 7*c. Let r(a) = -d(a) - 3*z(a). What is the units digit of r(f)?
3
Let i(n) = -n**2 - 12*n - 4. Let r = -28 + 17. What is the units digit of i(r)?
7
Let y(p) be the third derivative of p**7/2520 + p**6/240 + p**5/20 - 2*p**2. Let b(k) be the third derivative of y(k). What is the tens digit of b(7)?
1
Let j = -29 + 47. What is the units digit of -2 + 3 + j + 0?
9
Let h(d) = 62*d - 2. What is the tens digit of h(1)?
6
Suppose 47 = 4*a - 29. What is the tens digit of a?
1
Let a be ((-6)/(-1))/((-6)/(-4)). Suppose a*m = -54 + 190. What is the tens digit of m?
3
Let b = -4 - -10. Suppose b*c - c + 5 = z, -5*z + 25 = 2*c. What is the units digit of z?
5
Suppose 3*g - 4*c - 110 = -2*c, -2*g + 60 = -4*c. What is the units digit of g?
0
Let r(w) = -w**3 + 14*w**2 - 12*w - 11. Let k be r(13). Suppose -2*j + 3*j + 24 = 4*h, 2*j - 12 = -k*h. What is the units digit of h?
6
Suppose o = -4*o + 35. Let i = -7 + o. Suppose -3*g + 5 + 16 = i. What is the units digit of g?
7
Suppose c = -2*d + 3*c + 14, -5*d = -4*c - 32. Suppose -4*u + 3*u = 5*l - 221, 12 = -3*u. Suppose d*k - 3 = l. What is the units digit of k?
2
Suppose -60 = -2*u + r, 2*u = -0*r + 2*r + 64. What is the units digit of u?
8
Let j(n) = 3*n**2 - n + 1. Let o be j(-2). Suppose c = -2*c + o. Suppose -2*i - y - 2*y = -c, 47 = 5*i - 4*y. What is the units digit of i?
7
Suppose 5*n = 3*t + 4*n - 295, -3*t + 2*n = -296. What is the units digit of t?
8
Let p be (6/15)/(3/45). Suppose -p*a = -3*a - 9. What is the units digit of a?
3
Let j(m) = m**2 + 2*m + 3. What is the units digit of j(-6)?
7
Suppose 3*w + 0 = 6. Suppose -w*s + s + 31 = 0. What is the tens digit of s?
3
Suppose -9 = -3*t + 3. Suppose 2*c + c = -v + 8, -t*v = -4*c + 16. What is the units digit of c?
3
Let j = -18 - -152. What is the units digit of j?
4
Suppose a + 4*d = 46, 4*a + d = 5*d + 204. What is the units digit of a?
0
Suppose -4*j + 559 - 155 = 0. What is the tens digit of j?
0
Let q = 5 - 0. Let t be (q - 2)/(6/8). What is the units digit of (-1 + 3 - 1) + t?
5
Let c(v) = 2*v + 9. Let q be c(-9). Let w be 2/6*(0 - q). Suppose 0 = 5*r - 5*j - 55, w*j + 35 = 3*r + 2*j. What is the units digit of r?
2
What is the tens digit of 16 + -4 + 3 + 0?
1
Suppose 7 = c + 2*z, 0 = c + 2*c + z - 41. What is the tens digit of c?
1
Let o be (-8)/(1/3 - 1). Let r be 51/1*4/o. Suppose -b + 3*y + 6 - r = 0, 25 = 5*y. What is the units digit of b?
4
What is the tens digit of (-47 - 10)/(1*-1)?
5
Let z(d) = d**3 + 13*d**2 + 9*d - 3. What is the tens digit of z(-9)?
4
Let v(h) = 4*h. What is the units digit of v(3)?
2
What is the hundreds digit of -776*3/(-9) - 8/12?
2
Let h = 17 + -12. Suppose 7 + h = -2*l. What is the units digit of (-52)/l + 2/(-3)?
8
Suppose 4*n - 6 = 6. What is the units digit of ((-24)/10)/(n/(-20))?
6
Suppose 0 = -5*z + 6*z - 8. What is the units digit of z?
8
Let u = -2 + 18. What is the tens digit of u?
1
Let n be 2/(-8) - 9/(-4). What is the units digit of (-66)/4*n/(-3)?
1
Suppose 0*j - 5 = -j + 3*p, 3*j - 3*p - 9 = 0. Suppose 20 = j*q - 2*t, t = -2*q - q + 22. What is the units digit of q?
8
Suppose -x + 238 = 3*r - 15, x = 2*r + 228. What is the hundreds digit of x?
2
Suppose 954 = v + 5*v. What is the units digit of v?
9
Suppose -3*v + 112 + 8 = 0. What is the tens digit of v?
4
Let r(h) = 12 + 9*h**2 - h**3 + 2*h**3 - 2*h - 10*h. What is the tens digit of r(-10)?
3
Suppose -6*q + 5*q + 6 = -2*c, q = -2*c + 6. Let o(g) = -6*g - 2 + 2*g**2 - 2*g**2 + g**3 - q*g**2. What is the units digit of o(7)?
5
Suppose -2*t = 3*t + 5*c - 30, c = -3*t + 12. Suppose 5*z - 185 = -t*x, 126 = 5*z + x - 59. What is the tens digit of z?
3
Let p = 1 + -2. Suppose u - 5*h = 59, -4*h = -0*h - 20. What is the units digit of p/4 - u/(-16)?
5
Suppose 5*l - 50 = 4*q, -5*l + 4*q = 2*q - 60. What is the tens digit of l?
1
Let i = 11 - 8. Suppose 0 = -d - 5*f + 31, 0 = i*d - 0*f + f - 23. What is the units digit of d?
6
Suppose q - 8 = 33. What is the tens digit of q?
4
Suppose 15 = -2*v + 7*v. Suppose -65 = -v*l - 11. What is the units digit of l?
8
Let j = 2 - -11. What is the tens digit of j?
1
Let q be 2 - (1 - 2)/1. Suppose q*w - 3*t + 47 = 8*w, 0 = 5*w + t - 49. What is the tens digit of w?
1
Let q(v) = -v + 7. Let a be q(0). Suppose -a*j + 24 = -5*j. What is the units digit of j?
2
Let u be (-2)/3 + 186/9. Suppose 0*s - z + 16 = 4*s, 5*s - u = 4*z. What is the units digit of 16/(-6)*(-6)/s?
4
Let h = 14 + -7. What is the units digit of h?
7
Suppose -3*b - 3 = -s, 3*s + 3*b - 1 = 8. What is the units digit of s?
3
Let l(b) = -b**3 - 4*b**2 + 8*b + 9. Let m be l(-6). Suppose -3*t - 13 = 35. Let r = m + t. What is the tens digit of r?
1
Let o(q) = -52*q - 11. What is the units digit of o(-2)?
3
Suppose -2*n + 6*n + 16 = 0. Let i(l) = l**2 + 3*l + 3. Let g(d) = -1. Let j(f) = 2*g(f) + i(f). What is the units digit of j(n)?
5
What is the units digit of 150/4 - (-8)/16?
8
Suppose 81 = 4*b + 5*h, -5*h = 6 - 31. Let o be (b/(-4))/(1/(-2)). What is the units digit of 1/((-1)/2) + o?
5
Let w(o) be the first derivative of o**2/2 - 5*o + 3. What is the units digit of w(6)?
1
Let q be (26/(-6))/((-2)/(-12)). Let m = -18 - q. What is the units digit of m?
8
Let w = 2 - 2. Suppose w = 5*c + 4*g + 8, -2*c - 2 = -0*c + 2*g. What is the units digit of c